*q = 6. Suppose k*b - 5*b = 12. List the prime factors of (-276)/(-48) + (-1)/b.
2, 3
Let f = 1115 + -621. What are the prime factors of f?
2, 13, 19
Let q = 44 - 23. Let t = -21 + q. List the prime factors of 49 + -5 + (1 - t).
3, 5
Let n(l) be the second derivative of -6*l + 1/2*l**2 + 0 - 3/2*l**3. What are the prime factors of n(-2)?
19
Suppose -a = -0*a + 3*o + 10, 3*a - 4*o - 22 = 0. Suppose 3*d = -a*d - 65. Let j(r) = -r**2 - 16*r + 9. List the prime factors of j(d).
2, 3
Suppose -r + 758 = -68. List the prime factors of r.
2, 7, 59
Let a(c) = -22*c**3 - c**2 + c + 2. Let j be a(-2). Let o = j - 103. Suppose 2*m - 2*w = -3*m + 45, 4*m + 5*w = o. What are the prime factors of m?
11
Let x(a) = -a**3 - 12*a**2 + 12*a - 1. Let l(q) = -q**2 + 3*q. Let i be l(-4). Let d be 1/(-4) - (-357)/i. What are the prime factors of x(d)?
2, 3
Suppose 8*d = 12*d - 8. Suppose 0 = -3*n + 8*n - 4*b + 4, 0 = -d*n - 4*b + 4. Suppose n = -4*o + 32 + 52. What are the prime factors of o?
3, 7
Suppose 5*r + 175 = 10*r. Suppose 4*p - r - 77 = 0. List the prime factors of p.
2, 7
What are the prime factors of 4/(-22) + ((-55518)/33)/(-2)?
29
Suppose 0 = -2*r - 2*r - 160. Let b be -2 - (35/(-7) + -71). Let h = r + b. List the prime factors of h.
2, 17
Suppose -2 = 4*h + 22. Let n(s) = 6*s**3 + s**2 - s - 4. Let w(z) = -5*z**3 + z + 4. Let x(f) = -6*n(f) - 7*w(f). List the prime factors of x(h).
2
Let r = 4867 + -2169. What are the prime factors of r?
2, 19, 71
Suppose 3*k = 2 + 4. Suppose -k*g + 0*g - 6 = 0, -a + 3*g = -62. List the prime factors of a.
53
Suppose -3*t + 0*i + i = -126, -5*t - 4*i + 210 = 0. Suppose -2*u = -u - t. Suppose -u = -f - 3. What are the prime factors of f?
3, 13
Let j be ((-108)/8)/((-12)/16). Suppose 7*y - j = 5*y. Let s = y + -1. What are the prime factors of s?
2
Let t(s) = s**2 - 14*s + 274. What are the prime factors of t(21)?
421
Let f(d) be the first derivative of -d**6/360 - d**5/12 + d**4/3 + 7*d**3/3 - 2. Let k(o) be the third derivative of f(o). What are the prime factors of k(-10)?
2
Let d(a) = a**3 - 5*a**2 - 9*a - 10. Let k be d(7). List the prime factors of 0 + 3 + k/1.
2, 7
Let z = 223 - -345. Suppose 5*v = 4*l + z, v + 16 = -3*v. List the prime factors of 2/4 + l/(-6).
5
Suppose -4*y - k + 8754 + 6566 = 0, -3*k = 0. List the prime factors of y.
2, 5, 383
Suppose -3600*m + 3601*m - 4580 = 0. What are the prime factors of m?
2, 5, 229
Suppose 4*y - 3*w = 7 + 5, -w = 2*y - 6. Let h(i) = i**3 - 4*i**2 + 7*i - 7. Let u be h(y). What are the prime factors of u*4/10 - -49?
3, 17
Let x = 103 + -57. Let o(r) = r**3 + 3*r**2 + 3*r. Let p be o(-4). Let f = p + x. List the prime factors of f.
2, 3
Let n = -3641 + 6069. What are the prime factors of n?
2, 607
Let f = 88 + -81. Suppose -625 = -f*p + 824. What are the prime factors of p?
3, 23
Let o = 17 + -24. What are the prime factors of (-3)/o + (-8288)/(-98)?
5, 17
Suppose 6*b - 25 = 11*b. Let o = 162 - b. What are the prime factors of o?
167
What are the prime factors of (-9)/(-15) - (-3891)/15?
2, 5, 13
Let g(v) = 297*v**2 + 15*v - 15. List the prime factors of g(1).
3, 11
Suppose -192 = -x + 5*x. What are the prime factors of (-5288)/x - (-1)/(-6)?
2, 5, 11
Let u = 1981 + -417. List the prime factors of u.
2, 17, 23
Suppose -u + 192 = 3*w - 44, -3*w = -u - 232. Suppose c = -c + w. Let g = -16 + c. What are the prime factors of g?
23
Let x(l) = -9 + 9*l + 1 - 2. Suppose -3*p - 3 = -5*m, m = -3*p - 5 + 20. List the prime factors of x(p).
2, 13
Let v be (-10)/(-3) - (-10)/15. Let w be 1 - 6/v*-2. What are the prime factors of 46/3 + w/6?
2
Suppose 60 = 5*f + 4*o, -4*f + 0*o + 22 = -2*o. Let g be -18*(0 - (-20)/f). List the prime factors of ((-2)/6)/(1/g).
3, 5
Suppose 0 = -4*g - 558 + 6714. List the prime factors of g.
3, 19
What are the prime factors of (-10)/(-50)*(1 - -13314)?
2663
What are the prime factors of 6/3*(328 - -11)?
2, 3, 113
Let m be (-77)/(-14) + (-2)/4. Suppose 0*j + 1 = j, 20 = 5*d + m*j. Suppose -d*n + 40 = 2*n + 5*i, -i - 4 = 0. List the prime factors of n.
2, 3
Suppose 2*h - 601 + 127 = 0. Let y = h - 135. List the prime factors of y.
2, 3, 17
Let j = -1 + -8. Let k be 12*(4 - (-33)/j). Suppose o = 5*a + 32, -k*o + 164 = -3*a - 15. What are the prime factors of o?
47
Let t(u) = -65*u**2 + 14*u - 11. Let n(j) = 132*j**2 - 29*j + 22. Let v(m) = -6*n(m) - 13*t(m). List the prime factors of v(2).
3, 23
Suppose -y + 4 = 0, 0 = -p + 4*p - 2*y - 91. Let i be (-2073)/p - 4/22. Let d = -45 - i. What are the prime factors of d?
2, 3
Let f = 288 + 85. What are the prime factors of f?
373
Suppose 3*t = 0, 0 = -v - 2*v - t + 7833. List the prime factors of v.
7, 373
Suppose 4*n - 3*v - 17 = 0, -n = -2*n - v + 13. Let g(b) = 22*b - 51. List the prime factors of g(n).
5
Let s be (3/(-3 - 0) - -2) + 3. Suppose 0*h + s*o + 14 = h, 0 = 2*o + 6. What are the prime factors of h?
2
Let s = -9 - -11. Let a(v) = 4*v + 4*v - 7*v - 2*v - s. List the prime factors of a(-8).
2, 3
List the prime factors of 1262 + (-6)/1 + -3.
7, 179
Suppose -57687 = -211*j + 190*j. What are the prime factors of j?
41, 67
Let w(z) be the second derivative of z**5/20 + 3*z**4/4 - 5*z**3/6 + 9*z**2/2 + 6*z. What are the prime factors of w(-9)?
2, 3
Let p(g) be the second derivative of 13*g**5/120 + g**4/12 - g**3/2 + 12*g. Let o(i) be the second derivative of p(i). List the prime factors of o(4).
2, 3
Let u = 49 - 22. Suppose 4*r - 4*n - 53 = u, -3*r - 2*n = -35. List the prime factors of r.
3, 5
Suppose -2*o - 2*a = -4166, 4172 = 2*o + 11*a - 12*a. What are the prime factors of o?
3, 5, 139
Suppose 4*l - 5*m + 16 = 0, -m + 3*m = 8. Suppose 120 = 3*i + 2*b, l = -2*b - 5. Suppose -5*c + i = -13. List the prime factors of c.
11
Let w(n) = -n**3 + 3*n**2 - 4. Let t be w(2). Suppose t = 2*d + 3*d - 390. List the prime factors of d.
2, 3, 13
What are the prime factors of (-2)/5*(26 - 681)?
2, 131
Let j = 20 - 3. Let c(d) = -d**3 + 16*d**2 + 18*d - 12. List the prime factors of c(j).
5
Let g be (3 + (-33)/15)*5. Suppose -g*y + 0*b - 2*b = -246, -3*b = -5*y + 335. Suppose y = d + d. What are the prime factors of d?
2
Let t = -38 + 46. Suppose t*y - 336 = 4*y - 4*f, -f - 361 = -4*y. What are the prime factors of y?
89
Let r = 68 + -63. Suppose 575 = 5*u - r*t, -3*u - 2*t - 470 = -7*u. List the prime factors of u.
2, 3, 5
Let v = 204 - -1222. List the prime factors of v.
2, 23, 31
Let z = -17 - -37. Let n(u) = 3*u - 1. Let i be n(1). Suppose f - 32 = 2*t + t, -i*f - 5*t = -z. What are the prime factors of f?
2, 5
Let m be (-256*1)/(-4)*2. Suppose m = 7*y - 3*y. List the prime factors of y.
2
Let r be 4/(-3)*(-366)/4. Let b = 174 - r. Suppose 5*t - 78 = b. List the prime factors of t.
2, 13
Let b(w) = -w**3 - w**2 + 5*w + 29. List the prime factors of b(-8).
19, 23
What are the prime factors of 120/((-1 - 3) + 15022/3712)?
2, 5
Let h = 1040 + -701. What are the prime factors of h?
3, 113
Let z = 14 + -16. Let m be 3/z - 297/(-18). What are the prime factors of (-174)/(-10) - 6/m?
17
Let h = -34 - -61. Suppose -y = i - 1, 2*y + 5*i = 5*y - h. Suppose 0 = o - y - 1. List the prime factors of o.
5
Let f be 2/8 + 55/20. Suppose -f*w = -w - 26. Suppose -4*x + 81 = w. List the prime factors of x.
17
Let h = -1217 + 716. Let g = -352 - h. List the prime factors of g.
149
Let b be (-75)/(-7) + (-6)/(-21). Suppose 0 = 2*l + 7 + b. List the prime factors of -5*l/(-15)*-4.
2, 3
Let i(u) be the second derivative of u**4/12 + 5*u**3/6 + 3*u**2/2 + 12*u. Let h be i(-2). Let m(n) = 7*n**2 + n + 3. List the prime factors of m(h).
3, 7
Let l(r) = -r**2 + 7*r - 6. Let o be l(5). Suppose -o*j = -21 + 129. Let z = 6 - j. What are the prime factors of z?
3, 11
Let y(c) = 2 - 6 + 21*c - 1 - 1. Let i be y(4). Suppose -4*l + 26 = -i. What are the prime factors of l?
2, 13
Let i(f) = 9*f**2 - 4*f + 8. Let q be i(-6). Suppose 2*u - 4*y - 102 - 82 = 0, 4*y - q = -4*u. What are the prime factors of u?
2, 3, 5
Let g(k) = k**2 + k. Let x(w) = -4*w**2 + w + 6. Suppose 11*q = 7*q - 4. Let n(u) = q*x(u) - 3*g(u). What are the prime factors of n(-7)?
71
List the prime factors of (0/5 - -1) + 259.
2, 5, 13
Let i = -16 - -14. Let j be 7 + i + (-5 - -5). Suppose -2 = j*s - 17. List the prime factors of s.
3
Suppose 2*j = -9 + 17. Let v(s) = 18*s + 0